995717.
251
What is the highest common factor of 504 and 84648?
24
What is the greatest common divisor of 887183 and 22?
11
What is the highest common factor of 167 and 1917995?
167
Calculate the highest common factor of 183414 and 42.
42
What is the greatest common factor of 1815 and 693?
33
What is the highest common factor of 68 and 3509140?
68
Calculate the highest common divisor of 41 and 434969.
41
What is the highest common divisor of 16932 and 33388?
68
What is the highest common divisor of 40 and 27720?
40
What is the greatest common factor of 2278 and 2516?
34
What is the highest common factor of 583 and 649?
11
Calculate the highest common divisor of 192 and 15864.
24
What is the greatest common divisor of 10766 and 175?
7
What is the highest common divisor of 214 and 12316?
2
Calculate the highest common factor of 196 and 11053.
7
Calculate the highest common divisor of 12478 and 510.
34
What is the greatest common divisor of 70 and 143850?
70
Calculate the highest common factor of 989870 and 20.
10
Calculate the greatest common divisor of 20670 and 20.
10
What is the greatest common factor of 4 and 6266?
2
Calculate the greatest common divisor of 456 and 9500.
76
What is the greatest common factor of 3553506 and 4932?
2466
Calculate the greatest common factor of 107750 and 13792.
862
What is the greatest common divisor of 15880 and 30?
10
What is the greatest common factor of 326 and 30?
2
What is the highest common divisor of 57 and 893?
19
Calculate the greatest common divisor of 95 and 15922.
19
What is the greatest common divisor of 25 and 329825?
25
What is the highest common factor of 500 and 9060?
20
Calculate the highest common divisor of 905 and 1342115.
905
Calculate the highest common divisor of 5463 and 576.
9
Calculate the greatest common divisor of 497 and 3479.
497
Calculate the greatest common factor of 378 and 7236.
54
What is the greatest common divisor of 232882 and 106?
106
What is the highest common factor of 2070 and 6570?
90
Calculate the greatest common divisor of 9099 and 27.
27
What is the greatest common divisor of 533 and 176423?
533
What is the highest common factor of 1098578 and 13?
13
What is the highest common factor of 24 and 474699?
3
What is the highest common factor of 136 and 101218?
34
Calculate the highest common divisor of 7004 and 1292.
68
What is the greatest common divisor of 15341 and 929131?
667
Calculate the highest common factor of 99 and 880.
11
What is the highest common factor of 63944 and 16?
8
Calculate the greatest common factor of 876074 and 1010.
202
Calculate the greatest common factor of 46 and 802424.
46
What is the highest common divisor of 244833 and 42?
3
Calculate the greatest common factor of 1280902 and 28.
14
Calculate the greatest common divisor of 63 and 620991.
63
What is the highest common factor of 32620 and 1620?
20
Calculate the greatest common divisor of 794640 and 8085.
1155
What is the greatest common factor of 56 and 8152?
8
Calculate the highest common factor of 51 and 266305.
17
Calculate the highest common divisor of 2222 and 318453.
101
Calculate the highest common divisor of 95105 and 920.
115
What is the greatest common factor of 36349 and 163?
163
Calculate the highest common factor of 226219 and 12733.
119
What is the greatest common divisor of 1922 and 1778811?
961
What is the highest common factor of 274 and 103?
1
What is the highest common divisor of 114 and 32889?
57
What is the highest common divisor of 127224 and 798?
114
What is the greatest common divisor of 8 and 305136?
8
Calculate the highest common factor of 554 and 57893.
277
Calculate the greatest common factor of 29715 and 70.
35
Calculate the greatest common divisor of 3918909 and 9195.
1839
Calculate the highest common divisor of 7563636 and 60.
12
Calculate the highest common factor of 460 and 303899.
23
What is the greatest common divisor of 816 and 4944?
48
What is the highest common divisor of 4065 and 75?
15
Calculate the greatest common divisor of 37814 and 28.
14
What is the highest common factor of 19293 and 42837?
327
What is the highest common divisor of 64 and 10140?
4
Calculate the greatest common factor of 1471316 and 77.
77
What is the highest common factor of 555570 and 90?
90
Calculate the greatest common factor of 85 and 1486310.
85
What is the highest common divisor of 54807 and 9?
3
Calculate the highest common factor of 152592 and 18326.
374
What is the highest common factor of 88 and 2196612?
44
What is the highest common divisor of 180 and 24588?
36
What is the greatest common factor of 765 and 6705?
45
Calculate the greatest common divisor of 1164 and 1116276.
1164
Calculate the greatest common factor of 2072724 and 3180.
636
What is the highest common divisor of 9700 and 130?
10
Calculate the greatest common divisor of 503380 and 30.
10
What is the highest common divisor of 645 and 20820?
15
Calculate the highest common factor of 1064 and 760.
152
What is the highest common factor of 350 and 53886?
14
Calculate the greatest common factor of 21284 and 119.
17
Calculate the highest common divisor of 566751 and 732.
183
What is the highest common factor of 195719 and 209?
19
What is the greatest common factor of 3687048 and 4?
4
Calculate the highest common factor of 10304 and 164128.
736
Calculate the highest common factor of 5211 and 225.
9
Calculate the highest common factor of 621414 and 23621.
1817
Calculate the greatest common factor of 14076 and 404.
4
What is the greatest common factor of 25957 and 2121?
101
Calculate the greatest common divisor of 1365 and 315.
105
Calculate the highest common factor of 209192 and 280.
8
What is the greatest common divisor of 368 and 25472?
16
Calculate the highest common factor of 667 and 322.
23
What is the highest common factor of 4536 and 382725?
567
What is the greatest common divisor of 322 and 505057?
161
What is the highest common factor of 23120 and 90?
10
Calculate the greatest common factor of 1066 and 221318.
82
Calculate the greatest common divisor of 338538 and 918.
102
What is the greatest common factor of 13290 and 300?
30
Calculate the greatest common divisor of 36875 and 413.
59
What is the greatest common divisor of 304 and 1363592?
152
Calculate the highest common divisor of 4905807 and 402.
201
Calculate the highest common divisor of 10342 and 54.
2
Calculate the greatest common divisor of 4635 and 2745.
45
Calculate the greatest common factor of 246715 and 1590.
265
Calculate the highest common factor of 144 and 9432.
72
What is the greatest common divisor of 12474 and 132678?
1134
What is the greatest common divisor of 26945 and 68?
17
Calculate the highest common divisor of 34980 and 1470.
30
Calculate the greatest common factor of 276 and 112999.
23
Calculate the greatest common divisor of 18832 and 2101.
11
What is the highest common factor of 733698 and 1134?
1134
Calculate the greatest common divisor of 384 and 60.
12
Calculate the greatest common divisor of 5505 and 1267985.
1835
What is the greatest common divisor of 471552 and 288?
96
Calculate the highest common factor of 32 and 134160.
16
What is the highest common divisor of 41 and 1225039?
41
Calculate the highest common factor of 5134 and 13892.
302
Calculate the greatest common divisor of 25065 and 153.
9
What is the highest common divisor of 79992 and 2200?
88
Calculate the highest common factor of 2160 and 7860.
60
Calculate the greatest common factor of 13740 and 400.
20
What is the greatest common factor of 1176 and 151536?
168
What is the highest common divisor of 1674 and 864?
54
What is the greatest common divisor of 1104 and 575?
23
Calculate the greatest common divisor of 71392 and 13064.
184
What is the greatest common divisor of 43 and 22317?
43
What is the greatest common divisor of 51641 and 18737?
457
Calculate the highest common divisor of 803 and 46939.
73
Calculate the highest common factor of 668 and 598528.
668
Calculate the greatest common divisor of 1236028 and 4.
4
Calculate the highest common divisor of 174 and 20058.
6
Calculate the greatest common divisor of 14 and 1602258.
14
Calculate the greatest common factor of 156 and 156208.
52
What is the highest common divisor of 1161 and 52847?
43
Calculate 